n n is divided by h(-8)?
3
Suppose 1 - 9 = -4*z. Let r be (1/(-2))/(1/(-4)). Let n(h) = 2*h. What is the remainder when n(r) is divided by z?
0
Let p = -85 - -135. Suppose -p - 18 = -2*s. What is the remainder when s is divided by 18?
16
Let z = -87 - -159. What is the remainder when z is divided by 15?
12
Suppose -5*x = -6 - 19. Suppose a - 72 = 5*r + 11, -x*a + r = -295. What is the remainder when a is divided by 20?
18
Let n = 114 - 56. Calculate the remainder when n is divided by 15.
13
Suppose 2*x = -x + 135. What is the remainder when x is divided by 23?
22
Let c = 16 - -14. Suppose -z = -2*z + 4, 0 = -4*g + 2*z. What is the remainder when c is divided by 2 + (28*1)/g?
14
Let o(k) = -k**2 - 13*k + 8. Calculate the remainder when 46 is divided by o(-13).
6
Suppose -14*y + 145 = -9*y. What is the remainder when y is divided by 3?
2
What is the remainder when 33 is divided by 75/4 + 24/96?
14
Let x = 2 + 24. What is the remainder when 75 is divided by x?
23
Suppose 0 = 3*l + 5*c - 3*c - 78, 131 = 5*l + 3*c. Suppose -z = z - l. What is the remainder when 26 is divided by z?
12
What is the remainder when 27 is divided by (-10)/(-4)*2*2?
7
Let t(g) = -g**2 + 9*g - 9. What is the remainder when 30 is divided by t(5)?
8
Let i(y) = -y + 14. Calculate the remainder when i(-6) is divided by 11.
9
Suppose -4*t - 8*d + 11 = -5*d, -17 = -4*t - d. Calculate the remainder when 38 is divided by t.
3
Let a(i) = i**2 - 7*i - 1. Suppose -f - 2*k = 3*k + 11, 3*f - 9 = -k. Calculate the remainder when a(8) is divided by f.
3
Suppose -5*z + 3*g + 26 = 0, 4*z + 2*g = -2*g + 40. What is the remainder when z is divided by 3?
1
Suppose 25 = -4*c + 93. Suppose -2*p - c = -3*p. Calculate the remainder when 32 is divided by p.
15
Let d(k) = -k**3 - 5*k**2 + 4*k + 1. Let o be d(-5). Let r = o - -32. What is the remainder when 24 is divided by r?
11
Let g(q) = -3*q + 5. Calculate the remainder when 1 - -44*(3 + -2) is divided by g(-6).
22
Suppose -32 = 5*z - 112. Suppose -22 = -4*o - 2. Suppose 230 = o*k - 0*k. Calculate the remainder when k is divided by z.
14
What is the remainder when 10 is divided by 6/(-36) + 37/6?
4
Let c = 7 + -4. Calculate the remainder when -2 + 4 + -5 + 9 is divided by c.
0
Suppose 5*y = a + 18, 13 = 4*a - 2*y - y. Let n = -77 - -79. Calculate the remainder when a is divided by n.
1
Let a(l) = l**3 - l - 4. Let w = 90 - 51. Calculate the remainder when w is divided by a(3).
19
Let d(t) = -t**2 - 7*t + 2. What is the remainder when 70 is divided by d(-6)?
6
Let r(z) = z**2 + 9*z - 17. What is the remainder when 1*-3*14/(-6) is divided by r(-11)?
2
Suppose 5*w + 3*b - 454 - 109 = 0, 4*b + 16 = 0. Suppose -35 = 2*m - w. Calculate the remainder when m is divided by 14.
12
Let v(d) = -55*d**3 - d**2 + 1. Let a be v(-1). Let x = a + -16. Let f = -18 + 32. Calculate the remainder when x is divided by f.
11
Suppose 2*o - 22 = 12. What is the remainder when 33 is divided by o?
16
Let d(w) be the first derivative of -w**3/3 - 9*w**2/2 - 2*w + 2. What is the remainder when 30 is divided by d(-6)?
14
Calculate the remainder when (-3)/(18/(-133)) + (-2)/12 is divided by 13.
9
Suppose 2*v + 41 = -77. Let r = -124 + 25. Let c = v - r. Calculate the remainder when c is divided by 14.
12
Suppose -3*r + 7 + 5 = 0. Let j = -2 + 12. What is the remainder when j is divided by r?
2
Let c(y) = -2 - 4*y + 5*y - 9 - 11*y. Calculate the remainder when c(-8) is divided by 24.
21
Let s = 48 + 23. Suppose 9 + 9 = w. Calculate the remainder when s is divided by w.
17
Let j = 84 - 54. Let c = -15 + 26. What is the remainder when j is divided by c?
8
Let f(w) = 3 + 2*w + 0*w + 3*w - w**2. Suppose 2*y - 6 = -y - 3*h, 2*y + 3*h - 1 = 0. Calculate the remainder when 5 is divided by f(y).
2
Suppose q = 2 - 3. Calculate the remainder when ((-9)/15)/(q/35) is divided by 11.
10
Calculate the remainder when 44 is divided by -10*10/(-75)*(18 - 0).
20
Let o = -7 + 10. Let f(d) = o + d + 9*d - 5. What is the remainder when f(2) is divided by 10?
8
Suppose 2*w = 7*w - 10. Suppose w*f - 73 + 3 = 0. Suppose 5*n - 43 - 17 = 0. What is the remainder when f is divided by n?
11
Let c = 30 - 20. Suppose c = r - d, 4 = r + 3*d - 26. Calculate the remainder when r is divided by 4.
3
Let x(j) = -j**2 + 8*j + 1. What is the remainder when x(7) is divided by 5?
3
Suppose -8*l + 48 = -0*l. Suppose 34 = 5*f - 3*m, 4*f = -3*m - 6 + 17. Suppose f*v = v + 8. What is the remainder when l is divided by v?
0
Let l = -7 - -6. What is the remainder when 17 is divided by (-5 - l)/(12/(-18))?
5
Suppose -2*z = f - 12, 4*f + 0*f = 16. Suppose 12 = z*b + 4*s, -s = -5*b + s + 15. What is the remainder when 9 is divided by b?
0
Suppose -15 = -h - p, 0 = 2*p - p. What is the remainder when h is divided by 6?
3
Let m be (30/(-12))/((-1)/(-2)). Suppose 37 = 3*y + 4. Let g = m + y. What is the remainder when 16 is divided by g?
4
Let d = 4 + 0. Suppose -w - 21 = -2*j, 6*j - d*j - 5*w - 33 = 0. Let v(g) = -g**2 - 4*g + 1. What is the remainder when j is divided by v(-2)?
4
Suppose 44 = 4*m + 5*i, 0*m = 5*m - 4*i - 55. What is the remainder when 21 is divided by m?
10
Suppose 16 = 44*l - 40*l. What is the remainder when 12 is divided by l?
0
Let b = 0 + 4. What is the remainder when (-5 - (-12)/b) + 33 is divided by 11?
9
Let q = 15 + -4. Let p(j) = j + 1. Let u be p(-4). What is the remainder when -3 + (u - -26) + 0 is divided by q?
9
Let s = -127 - -143. Calculate the remainder when 76 is divided by s.
12
Let i be (8 + -5)/((-3)/8). Let u = 16 - i. What is the remainder when u is divided by 67/5 - (-8)/(-20)?
11
Let o = -8 - -7. Calculate the remainder when o/(-3) + 83/3 is divided by 15.
13
Let w(l) = -2*l - 7*l**2 + 6*l + 9 - 3*l - l**3. Let m(a) = 3*a**2. Calculate the remainder when m(-1) is divided by w(-7).
1
Suppose 41 = 7*p - 43. What is the remainder when 104 is divided by p?
8
What is the remainder when 54 is divided by 2/(-5) - (-72)/5?
12
Let x be -2 + 4 + (-2 - 1). Calculate the remainder when x/(6/7 - 1) is divided by 5.
2
Let b(u) = u**3 + 2*u**2 + 2*u + 2. Let x be b(-4). What is the remainder when 0 + x/(-3 + 2) is divided by -12 + 6 - -18 - 2?
8
What is the remainder when (-2*(-3)/(-6))/((-4)/136) is divided by ((-2)/4)/((-1)/24)?
10
Let r = 8 + 3. Calculate the remainder when 21 is divided by r.
10
Let f(q) = -q - 10. Let t be f(-10). Suppose 6*b - 2*b - 76 = t. Calculate the remainder when b is divided by ((-30)/9)/((-4)/6).
4
Let n = -11 - -7. Let r = -8 - n. Calculate the remainder when 8 is divided by 9/(-2)*r/6.
2
Suppose 0 = -3*t + 3. Let s = t + 20. Suppose -4*d = -7*d + s. What is the remainder when 13 is divided by d?
6
Let t be ((-142)/4)/((-2)/4). Let g = t + -50. What is the remainder when g is divided by 8?
5
Suppose 2 + 10 = 4*i. Suppose f - 5*v + 49 = 3*f, 0 = -3*f + 3*v + 21. Suppose f = -y + 4*y. What is the remainder when y is divided by i?
1
Suppose b = -3*y + 10, -3*b - 2*y + 22 = -y. Calculate the remainder when (38/(-4))/(9/(-18)) is divided by b.
5
Suppose -18 = -i - 5*h + 18, -3*i - h + 94 = 0. Calculate the remainder when i is divided by 8.
7
Suppose 0 = -4*u + 107 - 19. Let c be 2/(-7) - 44/(-7). Suppose z = 3*n + c + 1, -2*z + u = -2*n. What is the remainder when z is divided by 5?
3
Suppose 0 = 3*u + 2*u + 5*b - 780, 0 = -5*u - 2*b + 780. Let i = -65 + 70. Suppose -u + 11 = -i*w. Calculate the remainder when w is divided by 10.
9
Suppose 2*o + o - 3 = 0. Calculate the remainder when (0 + o)/((-1)/(-5)) is divided by (24/20)/((-2)/(-5)).
2
Let b(f) = -4*f - 3. Calculate the remainder when b(-5) is divided by 7.
3
Suppose -x + 12 = 4*g - 49, x = -2*g + 31. What is the remainder when g is divided by 8?
7
Suppose 0 = 5*n - 0*n - 25. What is the remainder when 0 - 0 - (-24)/2 is divided by n?
2
Suppose 10*x - 252 = 3*x. What is the remainder when 71 is divided by x?
35
Let r(q) = -q**3 - 6*q**2 + 4*q. What is the remainder when r(-7) is divided by 6?
3
Suppose h = -p + 12, 4*p + 0*h = -5*h + 44. What is the remainder when p is divided by 6?
4
Suppose 217 = -3*s - 5*d, -3*s + 0*s - 2*d = 229. Let i = s + 145. What is the remainder when 13 is divided by i/9 - 2/6?
6
Suppose z - 4*i = -1, 6*i - i = -4*z + 38. What is the remainder when 13 is divided by z?
6
Let p(f) = 2 - 2*